= 2*c - 9, -7 = -s - 2*c. Let w = 36 + s. Calculate the remainder when w is divided by 9.
8
Let t(w) = -2 - 10*w - 16*w - 4 - 26*w. Let q be t(-4). Suppose 5*c = 4*n - q, -c + 3*c = 4. What is the remainder when n is divided by 27?
26
Let j(n) = -n**2 + 4*n - 3. Let i be (4 - 1)*(-2)/(-2). Let m be j(i). Suppose m = 3*a + a - 68. What is the remainder when 32 is divided by a?
15
Suppose 0 = -22*b + 21*b + 102. Calculate the remainder when 68 is divided by 2/12 - (-3553)/b.
33
Suppose 5*w - 12*w = -112. Suppose 8*y = 7*y + 4. What is the remainder when w is divided by y?
0
What is the remainder when 14 is divided by (-1)/7 + 0 - 3968/(-434)?
5
Let o be (-38)/4 - (-12)/(-8). Let l = -3 - o. Suppose -5*s = -6 - 69. Calculate the remainder when s is divided by l.
7
Let w = -1 + 9. Suppose 3*f + 2*d = 25, -15 = 45*f - 44*f - 4*d. Calculate the remainder when w is divided by f.
3
Calculate the remainder when 47 is divided by 0 - (-8 - -3) - -42.
0
Calculate the remainder when 131 is divided by (136/(-8) - -6)*(-1 + -2).
32
Let m = 21 - 13. Let a be (-1*2)/(m/4). What is the remainder when (a - -87)/(-1 + 3) is divided by 15?
13
Suppose 2*h = -5*g + 1552, 183 = -2*g - 5*h + 787. Suppose 0 = o - 9*o + g. What is the remainder when 31 is divided by 4 + -2*o/(-6)?
14
Let j(g) = g**3 - 3*g**2 + 4*g + 1. Suppose 2*f = 2*x + 60, f = 6*f - 3*x - 156. Calculate the remainder when (-51)/4*(-88)/f is divided by j(3).
8
Suppose -2*w - 5*d + 34 = 4, -3*d + 16 = w. Suppose -3*u - 3*h = -210, -4*u - 2*h + 106 = -164. Let b = u - 38. Calculate the remainder when b is divided by w.
7
Let v(x) = 4*x - 11. Let t(z) = -2*z + 5. Let j(h) = 7*t(h) + 4*v(h). Calculate the remainder when 20 is divided by j(8).
6
Let u = 183 - 171. Let z(f) = f**2 - 8*f + 8. Calculate the remainder when z(9) is divided by u.
5
Let r(s) = -s**2 - 3*s - 2. Let h be (24/(-9))/(4/6). Let t be r(h). Let d = 11 + t. What is the remainder when 9 is divided by d?
4
Let z(w) = -329*w - 192. What is the remainder when z(-5) is divided by 28?
25
Let m = 301 + -290. Calculate the remainder when 103 is divided by m.
4
Suppose 0 = 5*a - 36 + 6. Let z = 284 - 281. What is the remainder when z is divided by a + -5 - 0/(-1)?
0
Suppose 0 = -3*g - g + 84. Suppose -3*i + 291 = 3*y, -30*y + 29*y = -4*i + 418. What is the remainder when i is divided by g?
19
Let z(a) = 1 + 6 + 2*a - 2*a + a. Suppose 0 = -2*o + 2*t + 126, -2*t - 327 + 85 = -4*o. Calculate the remainder when o is divided by z(8).
13
Let k = 52 + -41. Suppose -8*u + k = -37. What is the remainder when u is divided by 2/(-4) + (-18)/(-4)?
2
What is the remainder when 982/58 + (-44)/(-638) is divided by 16?
1
Let l = 300 - 270. Calculate the remainder when l is divided by 11.
8
Let b(f) = -2*f - 3. Let w be b(-2). Calculate the remainder when (w/2)/((-12)/(-648)) is divided by 11.
5
Suppose 4*n - 120 = -n. What is the remainder when n/(-8)*(-86)/6 is divided by 11?
10
What is the remainder when 1617 is divided by -6 + (10/(-15)*-96 - 4)?
51
Let u = -10 - -14. Suppose -2*r - t = -u*r + 23, 0 = r + 2*t - 24. Let z = -2 + r. Calculate the remainder when 21 is divided by z.
9
Suppose -3*h = 2*o - 8, -3*o = -5*h + 2*o + 55. Suppose 0 = -h*q + 157 - 55. Suppose -7*a = -q - 4. Calculate the remainder when 14 is divided by a.
2
Calculate the remainder when 718/14 + (-142)/497 is divided by 6.
3
Suppose 3*a - 4*p - 57 = -21, -3*a - p = -21. Suppose -a = 3*u - 170. Calculate the remainder when u is divided by 15.
9
Let p(b) = b**3 + 4*b**2 + 4*b + 2. Let t be p(-2). What is the remainder when 116 is divided by t/(-2 + 4) + 16?
14
Let u(j) = -j**2 + 31. Let h = 27 + -11. Suppose p = -p + h. What is the remainder when u(0) is divided by p?
7
Let p = 710 - 682. Let s be (-4)/(-6) + 320/6. What is the remainder when (2 - (2 - -1)) + s is divided by p?
25
Suppose -327*v = -336*v + 243. Calculate the remainder when 92 is divided by v.
11
Suppose 0 = g + 3*b - 3, 0 = -2*b. Suppose -g*t = -4*j - 14, -2*j - 6 = -t - 2. Let u = t - -5. Calculate the remainder when 31 is divided by u.
9
Let u(t) = 48*t**3 - 2*t + 1. Let v be (-13 - -14) + (-1 - -1)/2. Suppose 5*b - 45 = 3*g, -2*g + 5 + 5 = 0. Calculate the remainder when u(v) is divided by b.
11
Suppose 0 = -4*v - 44 - 148. Let h(d) = d**3 - 6*d**2 - d + 6. Let a be h(5). Let y = a - v. Calculate the remainder when 47 is divided by y.
23
What is the remainder when 145 is divided by (1 - -67)*19/76 + 4?
19
Let g = 34 + -7. Calculate the remainder when g is divided by 8/(-3)*18/(-3).
11
Suppose 8*d - 4*q + 1804 = 10*d, -4*q = -7*d + 6386. What is the remainder when d is divided by 38?
36
Let y(s) = -s**2 - 10*s + 8. Let r = -41 - -34. Suppose 0 = -6*o + 2*o + 32. What is the remainder when y(r) is divided by o?
5
Suppose z + 5*u = -8, -4*z + 170*u - 169*u + 52 = 0. Let o(w) = -6*w - 8. What is the remainder when o(-11) is divided by z?
10
Let l(y) be the first derivative of -3 - 1/3*y**3 + 11/2*y**2 - 6*y. Calculate the remainder when 21 is divided by l(9).
9
Let m(i) = 12*i - 179 + 198 - 4*i**2 + 3*i**2. Calculate the remainder when 72 is divided by m(10).
33
Let b(p) = 18*p + 375. What is the remainder when 152 is divided by b(-14)?
29
Suppose p + 10 = 3*p. Let b = -60 - -73. Let m = b + p. Calculate the remainder when 52 is divided by m.
16
Let o(j) = -32*j + 37. Calculate the remainder when 383 is divided by o(1).
3
Let n = 562 + -532. Suppose -3*t + 2*t + 8 = z, 4*z + 40 = 5*t. Calculate the remainder when n is divided by t.
6
Calculate the remainder when 135 is divided by 4/18 - (-5005)/117.
6
Suppose -378 = -8*l - 258. Calculate the remainder when 464 is divided by l.
14
Let z = 60 - 41. Let k = z - -96. Calculate the remainder when k is divided by (-27)/81*(-3 + 2)*348/4.
28
Suppose -2*l = 5*m - 22 - 12, 4*m = l + 9. Suppose -l*j + 187 = -261. Suppose y - 4*y = -66. Calculate the remainder when j is divided by y.
20
Suppose -56*h + 9118 = 41*h. What is the remainder when 104 is divided by h?
10
Let w be 0/1 + (14 - 11). Let n = w + 6. What is the remainder when 26 is divided by n?
8
Let q = 0 + 4. Suppose 3*u - q*u + 268 = 0. Suppose 4*i - 3*p = 157 + u, -5*p - 119 = -i. Calculate the remainder when i is divided by 35.
34
Let o = 26 + -8. Calculate the remainder when o is divided by 3 + -3 - (-25 + 18).
4
Suppose -4*i + 12 = 2*a - 2*i, -4*a + 5*i = 3. Suppose a*k = -5*c + 4*c + 83, 2*k = 0. What is the remainder when c is divided by 22?
17
Suppose -3*z + 6*z = 30. What is the remainder when 19 - (-1)/4*0 is divided by z?
9
Suppose -j + 5 = 4*j. Let l be 1 + (-2)/2 + j. What is the remainder when 152/12 - l/(-3) is divided by 4?
1
Let c = 18 + -9. Suppose -5 = r - c. What is the remainder when 13 is divided by r?
1
Suppose 57 - 5 = 4*n. Suppose 0 = b - n - 24. Let m(r) = -r**3 - 3*r**2 + 3. What is the remainder when b is divided by m(-4)?
18
Suppose 4*i - 64 = 2*a - 6*a, a = 4*i - 4. Suppose 8*n = r + 3*n - 72, 0 = 3*n + a. Suppose 3*o - r = 41. Calculate the remainder when o is divided by 8.
7
What is the remainder when ((-6)/4)/((-10)/380) is divided by 15?
12
What is the remainder when (-13 + 40)/((-6)/(-32)) is divided by 76?
68
Let j(o) = -o**3 - o**2 - o + 3. Suppose 34*t - 62*t = -84. Calculate the remainder when j(0) is divided by t.
0
Suppose 3*y + 20 = -2*y, -3*x + y + 361 = 0. Calculate the remainder when 269 is divided by x.
31
Let i = 9 - 14. Let n be 2 - -15*(i + 4). Let c = n + 18. Calculate the remainder when 9 is divided by c.
4
Suppose h = -5 + 6. Suppose -11 = 3*g + h. What is the remainder when 19 is divided by ((-1)/(g/(-28)))/(-1)?
5
Let d = -64 + 79. What is the remainder when d is divided by 6?
3
Let o = -27 - -49. Suppose 3*u - 5*d = 51 + 277, -2*d - 216 = -2*u. Suppose -4*i + 47 = v, -28 = -3*v - 5*i + u. Calculate the remainder when v is divided by o.
21
Let d = -52 - -121. Suppose -4*m + r = -0*r - d, 0 = -r + 3. What is the remainder when 33 is divided by m?
15
Let o = 5 + 60. Calculate the remainder when 452 is divided by o.
62
Suppose -k - 1334 = -47*k. Let m be 46/(-3)*(1 - 4). Suppose 4*h + 6 - m = 0. What is the remainder when k is divided by h?
9
Suppose -2*c + 0*c = -6. What is the remainder when (10 - 7) + c*8 is divided by 10?
7
Let b = 8 - 2. Let l = b - -21. Let w = 14 -